{"id":76,"date":"2016-02-05T19:56:07","date_gmt":"2016-02-05T18:56:07","guid":{"rendered":"http:\/\/spielekoffer24.de\/?post_type=product&#038;p=76"},"modified":"2020-01-06T20:57:37","modified_gmt":"2020-01-06T19:57:37","slug":"dominion-basiskarten-set","status":"publish","type":"product","link":"https:\/\/spielekoffer24.de\/index.php\/produkt\/dominion-basiskarten-set\/","title":{"rendered":"Dominion Basiskarten-Set"},"content":{"rendered":"<p>DOMINION\u00ae &#8211; Basiskarten (Erg\u00e4nzungs- und Ersatzset)<br \/>\nVom Kleingrundbesitzer zum m\u00e4chtigen Herrscher eines Imperiums \u2013 das ist dein Ziel, wenn du dich auf das Abenteuer DOMINION einl\u00e4sst.<\/p>\n<p>Die Basiskarten, die f\u00fcr jedes Spiel ben\u00f6tigt werden (Geld-, Punkte- und Fluchkarten sowie die M\u00fcllkarte), sowie die Geldkarte PLATIN, die Punktekarte KOLONIE (erstmals ver\u00f6ffentlicht in der Erweiterung Bl\u00fctezeit) und die TRANK-Karten (aus der Erweiterung Alchemisten) erscheinen in diesem Basiskarten-Set erstmals als eigenst\u00e4ndiges Erg\u00e4nzungsset in deutscher Sprache. Die Karten wurden neu illustriert.<\/p>\n<p>F\u00fcr ein Spiel Dominion\u00ae ben\u00f6tigt ihr zus\u00e4tzlich zu den Basiskarten ein beliebiges Basisspiel oder eine Dominion\u00ae-Erweiterung. Die Dominion\u00ae-Basiskarten sind nicht eigenst\u00e4ndig spielbar und eignen sich als Erg\u00e4nzung f\u00fcr ein Spiel mit 5 oder 6 Personen bzw. als Ersatz f\u00fcr verlorene oder abgenutzte Basiskarten.<\/p>\n<p>Die Basisspielregeln, die f\u00fcr jedes Spiel DOMINION gelten sowie die Regeln f\u00fcr ein Spiel mit 5 und 6 Personen (nur m\u00f6glich in Verbindung mit einem Basisspiel oder der doppelten Anzahl Basiskarten) k\u00f6nnen auf der Webseite www.dominion-welt.de\/downloads heruntergeladen werden.<\/p>\n<p>Zusatzregeln, die mit bestimmten Erweiterungen ins Spiel kommen, sind in den Regelheften der jeweiligen Erweiterung beschrieben.<\/p>\n<p>Inhalt:<br \/>\n250 Karten + 10 Registerkarten als Kartensortierhilfe<\/p>\n<p><b>DOMINION\u00ae \u2013 Basiskarten-Set<\/b>, ein Spiel f\u00fcr\u00a0<b>2 bis 4 Spieler<\/b>\u00a0im Alter von\u00a0<b>13 bis 100 Jahren<\/b>.<\/p>\n<p>Autor:\u00a0<a href=\"https:\/\/www.spiele-offensive.de\/ass\/index.php?cmd=ass_suchergebnis&amp;suchwort=Donald+X.+Vaccarino\">Donald X. <\/a><a href=\"https:\/\/www.spiele-offensive.de\/ass\/index.php?cmd=ass_suchergebnis&amp;suchwort=Donald+X.+Vaccarino\">Vaccarino<\/a><\/p>\n","protected":false},"excerpt":{"rendered":"<p><b>DOMINION\u00ae \u2013 Basiskarten-Set<\/b><\/p>\n<p>Die Basiskarten, die f\u00fcr jedes Spiel ben\u00f6tigt werden (Geld-, Punkte- und Fluchkarten sowie die M\u00fcllkarte), sowie die Geldkarte PLATIN, die Punktekarte KOLONIE (erstmals ver\u00f6ffentlicht in der Erweiterung Bl\u00fctezeit) und die TRANK-Karten (aus der Erweiterung Alchemisten) erscheinen in diesem Basiskarten-Set erstmals als eigenst\u00e4ndiges Erg\u00e4nzungsset in deutscher Sprache. Die Karten wurden neu illustriert.<\/p>\n<p>Zusatzregeln, die mit bestimmten Erweiterungen ins Spiel kommen, sind in den Regelheften der jeweiligen Erweiterung beschrieben.<\/p>\n<p>Inhalt:<br \/>\n250 Karten + 10 Registerkarten als Kartensortierhilfe<\/p>\n<p><b>DOMINION\u00ae \u2013 Basiskarten-Set<\/b>, ein Spiel f\u00fcr\u00a0<b>2 bis 4 Spieler<\/b>\u00a0im Alter von\u00a0<b>13 bis 100 Jahren<\/b>.<\/p>\n","protected":false},"featured_media":77,"comment_status":"open","ping_status":"closed","template":"","meta":[],"product_cat":[19,35],"product_tag":[29],"class_list":["post-76","product","type-product","status-publish","has-post-thumbnail","hentry","product_cat-dominion","product_cat-spiele","product_tag-basiskarten","product_shipping_class-trennkartenset"],"aioseo_notices":[],"_links":{"self":[{"href":"https:\/\/spielekoffer24.de\/index.php\/wp-json\/wp\/v2\/product\/76","targetHints":{"allow":["GET"]}}],"collection":[{"href":"https:\/\/spielekoffer24.de\/index.php\/wp-json\/wp\/v2\/product"}],"about":[{"href":"https:\/\/spielekoffer24.de\/index.php\/wp-json\/wp\/v2\/types\/product"}],"replies":[{"embeddable":true,"href":"https:\/\/spielekoffer24.de\/index.php\/wp-json\/wp\/v2\/comments?post=76"}],"wp:featuredmedia":[{"embeddable":true,"href":"https:\/\/spielekoffer24.de\/index.php\/wp-json\/wp\/v2\/media\/77"}],"wp:attachment":[{"href":"https:\/\/spielekoffer24.de\/index.php\/wp-json\/wp\/v2\/media?parent=76"}],"wp:term":[{"taxonomy":"product_cat","embeddable":true,"href":"https:\/\/spielekoffer24.de\/index.php\/wp-json\/wp\/v2\/product_cat?post=76"},{"taxonomy":"product_tag","embeddable":true,"href":"https:\/\/spielekoffer24.de\/index.php\/wp-json\/wp\/v2\/product_tag?post=76"}],"curies":[{"name":"wp","href":"https:\/\/api.w.org\/{rel}","templated":true}]}}