{"id":571,"date":"2016-09-09T10:49:29","date_gmt":"2016-09-09T08:49:29","guid":{"rendered":"http:\/\/spielekoffer24.de\/index.php\/produkt\/dominion-empires-erweiterung\/"},"modified":"2025-01-19T19:53:28","modified_gmt":"2025-01-19T18:53:28","slug":"dominion-empires-erweiterung","status":"publish","type":"product","link":"https:\/\/spielekoffer24.de\/index.php\/produkt\/dominion-empires-erweiterung\/","title":{"rendered":"Dominion &#8211; Empires Erweiterung"},"content":{"rendered":"<p class=\"p1\" style=\"text-align: left\" align=\"center\"><b>Dominion<\/b><b> &#8211; Empires\u00a0Erweiterung<\/b><\/p>\n<p class=\"p1\" style=\"text-align: left\" align=\"center\">Ist diese Welt nicht sch\u00f6n? Auf jeden Fall ist sie ziemlich gro\u00df und dein K\u00f6nigreich absolut gigantisch. Eigentlich ist es schon gar kein K\u00f6nigreich mehr, sondern ein Imperium. Was dich ja dann zum Imperator macht. Und was w\u00e4re dieser Titel ohne ein gewaltiges Verm\u00f6gen, prunkvolle Wagenrennen zu deinen Ehren oder ein echtes K\u00f6nigsschloss, in das du bald einziehen kannst? Immerhin ist die Villa, in der du jetzt noch wohnst, schon in die Jahre gekommen und eine neue G\u00e4rtnerin w\u00e4re mittlerweile auch nicht schlecht. Endlich kannst du den Lohn deiner harten Arbeit und den Opfern, die du auf den Schlachtfeldern dieser Welt bringen musstest, einsacken und dich von deinen Legion\u00e4ren und Siedlern so richtig feiern lassen. Ja, diese Welt ist sch\u00f6n, erst recht, wenn du sie dir unterworfen hast.<\/p>\n<p>&nbsp;<\/p>\n<p class=\"p1\"><span class=\"s2\">Die DOMINION\u00ae-Erweiterung Empires enth\u00e4lt:<\/span><\/p>\n<p class=\"p2\"><span style=\"font-size: x-large\">300 Karten, 56 Siegpunktmarker, 40 Schudenmarker, 1 Spielregel<\/span><\/p>\n<p class=\"p1\"><span class=\"s3\">ACHTUNG: DOMINION\u00ae Empires ist eine Dominion-Erweiterung und kann nur zusammen mit einem Basisspiel oder den Basiskarten gespielt werden. Das Spiel ist mit allen Dominion-Erweiterungen kombinierbar. <\/span><\/p>\n<p class=\"p1\"><span class=\"s3\">Dominion &#8211; Empires Erweiterung, ein Spiel f\u00fcr 2 bis 4 Spieler im Alter von 13 bis 100 Jahren.<\/span><\/p>\n<p class=\"p1\"><span class=\"s3\">Autor: Donald X. Vaccarino<\/span><\/p>\n<p class=\"p1\"><span class=\"s3\">Besuche auch unsere anderen Auktionen wie z.B. den &#8220;<\/span><span class=\"s4\">Dominion-Koffer<\/span><span class=\"s3\">&#8220;. In diesen Koffer passen alle Spiele hinein und k\u00f6nnen dabei auch noch mit Hilfe von speziellen Trennkarten sortiert werden. Auf den Trennkarten findet man au\u00dferdem die Regeln zur jeweiligen K\u00f6nigreichskarte.<\/span><\/p>\n<p>&nbsp;<\/p>\n","protected":false},"excerpt":{"rendered":"<p>Dominion &#8211; Empires\u00a0Erweiterung Ist diese Welt nicht sch\u00f6n? Auf jeden Fall ist sie ziemlich gro\u00df und dein K\u00f6nigreich absolut gigantisch. Eigentlich ist es schon gar kein K\u00f6nigreich mehr, sondern ein Imperium. Was dich ja dann zum Imperator macht. Und was w\u00e4re dieser Titel ohne ein gewaltiges Verm\u00f6gen, prunkvolle Wagenrennen zu deinen Ehren oder ein echtes [&hellip;]<\/p>\n","protected":false},"featured_media":573,"comment_status":"open","ping_status":"closed","template":"","meta":[],"product_cat":[19,35],"product_tag":[27,28],"class_list":["post-571","product","type-product","status-publish","has-post-thumbnail","hentry","product_cat-dominion","product_cat-spiele","product_tag-abenteuer","product_tag-erweiterung","product_shipping_class-koffer"],"aioseo_notices":[],"_links":{"self":[{"href":"https:\/\/spielekoffer24.de\/index.php\/wp-json\/wp\/v2\/product\/571","targetHints":{"allow":["GET"]}}],"collection":[{"href":"https:\/\/spielekoffer24.de\/index.php\/wp-json\/wp\/v2\/product"}],"about":[{"href":"https:\/\/spielekoffer24.de\/index.php\/wp-json\/wp\/v2\/types\/product"}],"replies":[{"embeddable":true,"href":"https:\/\/spielekoffer24.de\/index.php\/wp-json\/wp\/v2\/comments?post=571"}],"wp:featuredmedia":[{"embeddable":true,"href":"https:\/\/spielekoffer24.de\/index.php\/wp-json\/wp\/v2\/media\/573"}],"wp:attachment":[{"href":"https:\/\/spielekoffer24.de\/index.php\/wp-json\/wp\/v2\/media?parent=571"}],"wp:term":[{"taxonomy":"product_cat","embeddable":true,"href":"https:\/\/spielekoffer24.de\/index.php\/wp-json\/wp\/v2\/product_cat?post=571"},{"taxonomy":"product_tag","embeddable":true,"href":"https:\/\/spielekoffer24.de\/index.php\/wp-json\/wp\/v2\/product_tag?post=571"}],"curies":[{"name":"wp","href":"https:\/\/api.w.org\/{rel}","templated":true}]}}