{"id":1937,"date":"2017-12-23T14:09:20","date_gmt":"2017-12-23T13:09:20","guid":{"rendered":"http:\/\/spielekoffer24.de\/?post_type=product&#038;p=1937"},"modified":"2021-03-23T11:13:12","modified_gmt":"2021-03-23T10:13:12","slug":"dominion-basisspiel-2-edition","status":"publish","type":"product","link":"https:\/\/spielekoffer24.de\/index.php\/produkt\/dominion-basisspiel-2-edition\/","title":{"rendered":"Dominion &#8211; Basisspiel &#8211; 2. Edition"},"content":{"rendered":"<p><b>Dominion<\/b><b> &#8211; Basisspiel &#8211; 2. Edition<\/b><\/p>\n<p><span class=\"Flie-text\">Vom Kleingrundbesitzer zum m\u00e4chtigen Herrscher eines Imperiums \u2026<br \/>\n<\/span>Das ist dein Ziel, wenn du dich auf das Abenteuer\u00a0<strong><span id=\"u1964-8\">DOMINION\u00ae<\/span><\/strong>\u00a0einl\u00e4sst. Verwirkliche deine Tr\u00e4ume und baue dir ein florierendes Reich auf \u2013 und das schneller und effektiver als deine Mitspieler.<\/p>\n<p id=\"u1964-11\"><span class=\"Flie-text\">Mit diesem Basisspiel erleben Einsteiger und fortgeschrittene\u00a0<\/span><strong><span id=\"u1964-13\">DOMINION\u00ae<\/span><\/strong><span class=\"Flie-text\">-Spieler spannende Spielstunden. Die ausf\u00fchrliche Spielanleitung und das Begleitheft mit weiterf\u00fchrenden Informationen zu den Karten helfen beim Einstieg ins Spiel und geben hilfreiche Tipps und Tricks f\u00fcr die ersten Spiele. Neue Spieler finden mit Hilfe der empfohlenen Kartenkombinationen einen schnellen Spieleinstieg \u2013 erfahrene Spieler dagegen stellen sich ihre S\u00e4tze selbst zusammen und erleben so ein immer wieder neues Spielerlebnis.<\/span><\/p>\n<p id=\"u1964-18\">Inhalt:<\/p>\n<ul>\n<li id=\"u1964-20\">500 Karten<\/li>\n<li>1 M\u00fcllstapel-Tableau<\/li>\n<li>1 Kunststoff-Schachteleinsatz als Kartensortierhilfe inkl. Sortierstreifen<\/li>\n<li>1 Spielregel<\/li>\n<li>1 Begleitheft mit Karten\u00fcbersicht und -erkl\u00e4rungenSortierstreifen<\/li>\n<\/ul>\n<p>&nbsp;<\/p>\n","protected":false},"excerpt":{"rendered":"<p><b>Dominion<\/b><b> &#8211; Basisspiel &#8211; 2. Edition<\/b><\/p>\n<p><span class=\"Flie-text\">Vom Kleingrundbesitzer zum m\u00e4chtigen Herrscher eines Imperiums \u2026<br \/>\n<\/span>Das ist dein Ziel, wenn du dich auf das Abenteuer\u00a0<strong><span id=\"u1964-8\">DOMINION\u00ae<\/span><\/strong>\u00a0einl\u00e4sst. Verwirkliche deine Tr\u00e4ume und baue dir ein florierendes Reich auf \u2013 und das schneller und effektiver als deine Mitspieler.<\/p>\n<p id=\"u1964-11\"><span class=\"Flie-text\">Mit diesem Basisspiel erleben Einsteiger und fortgeschrittene\u00a0<\/span><strong><span id=\"u1964-13\">DOMINION\u00ae<\/span><\/strong><span class=\"Flie-text\">-Spieler spannende Spielstunden. Die ausf\u00fchrliche Spielanleitung und das Begleitheft mit weiterf\u00fchrenden Informationen zu den Karten helfen beim Einstieg ins Spiel und geben hilfreiche Tipps und Tricks f\u00fcr die ersten Spiele. Neue Spieler finden mit Hilfe der empfohlenen Kartenkombinationen einen schnellen Spieleinstieg \u2013 erfahrene Spieler dagegen stellen sich ihre S\u00e4tze selbst zusammen und erleben so ein immer wieder neues Spielerlebnis.<\/span><\/p>\n","protected":false},"featured_media":1938,"comment_status":"open","ping_status":"closed","template":"","meta":[],"product_cat":[19,35],"product_tag":[27,28],"class_list":["post-1937","product","type-product","status-publish","has-post-thumbnail","hentry","product_cat-dominion","product_cat-spiele","product_tag-abenteuer","product_tag-erweiterung","product_shipping_class-koffer"],"aioseo_notices":[],"_links":{"self":[{"href":"https:\/\/spielekoffer24.de\/index.php\/wp-json\/wp\/v2\/product\/1937","targetHints":{"allow":["GET"]}}],"collection":[{"href":"https:\/\/spielekoffer24.de\/index.php\/wp-json\/wp\/v2\/product"}],"about":[{"href":"https:\/\/spielekoffer24.de\/index.php\/wp-json\/wp\/v2\/types\/product"}],"replies":[{"embeddable":true,"href":"https:\/\/spielekoffer24.de\/index.php\/wp-json\/wp\/v2\/comments?post=1937"}],"wp:featuredmedia":[{"embeddable":true,"href":"https:\/\/spielekoffer24.de\/index.php\/wp-json\/wp\/v2\/media\/1938"}],"wp:attachment":[{"href":"https:\/\/spielekoffer24.de\/index.php\/wp-json\/wp\/v2\/media?parent=1937"}],"wp:term":[{"taxonomy":"product_cat","embeddable":true,"href":"https:\/\/spielekoffer24.de\/index.php\/wp-json\/wp\/v2\/product_cat?post=1937"},{"taxonomy":"product_tag","embeddable":true,"href":"https:\/\/spielekoffer24.de\/index.php\/wp-json\/wp\/v2\/product_tag?post=1937"}],"curies":[{"name":"wp","href":"https:\/\/api.w.org\/{rel}","templated":true}]}}